{"id":10642,"date":"2023-09-19T01:00:20","date_gmt":"2023-09-19T01:00:20","guid":{"rendered":"https:\/\/shop.pv-magazine.com\/?post_type=product&#038;p=10642"},"modified":"2023-09-22T06:23:12","modified_gmt":"2023-09-22T06:23:12","slug":"september-2023-single-print-digital-issue-pv-magazine-germany","status":"publish","type":"product","link":"https:\/\/shop.pv-magazine.com\/de\/product\/september-2023-single-print-digital-issue-pv-magazine-germany\/","title":{"rendered":"September 2023 Einzelheft Print &amp; Digital &#8211; pv magazine Deutschland"},"content":{"rendered":"Die <strong>aktuelle pv magazine Ausgabe<\/strong> beleuchtet <strong>Optimierungsaufgaben<\/strong>, <strong>die in der Anwendung von Photovoltaik allgegenw\u00e4rtig sind, <\/strong>und diskutiert L\u00f6sungen daf\u00fcr. Au\u00dferdem berichten wir \u00fcber ein Projekt, in dem <strong>Infrarotheizungen und W\u00e4rmepumpen <\/strong>kombiniert werden, \u00fcber <strong>neue spannende Entwicklungen bei Photovoltaik-Thermie-Modulen<\/strong>, die besser unter dem K\u00fcrzel PVT-Module bekannt sind, und \u00fcber die Hintergr\u00fcnde der derzeitigen Diskussion \u00fcber <strong>Degradation bei n-Typ-Topcon-Modulen<\/strong>, die gerade die Perc-Module als Standard abl\u00f6sen.<\/p>\n<h3>Weitere Themen in dieser Ausgabe:<\/h3>\n<p><strong>Schwerpunkt \u201eOptimieren in der Photovoltaik\u201c:<\/strong><\/p>\n<ul>\n<li>Optimieren oder Verbessern \u2013 was ist der Unterschied und was ist zu beachten?<\/li>\n<li><strong>Energiegemeinschaften und Energy-Sharing<\/strong>: L\u00e4sst sich so der Photovoltaikausbau beschleunigen?<\/li>\n<li><strong>Energiemanagementsysteme<\/strong> sind klassische Optimierer. <strong>Wie unterscheiden sie sich?<\/strong><\/li>\n<li><strong>Gro\u00dfanlagenplanung<\/strong>: <strong>Optimierung<\/strong> verschiedener Photovoltaik-Konzepte unter Nutzung des <strong>Nettobarwerts<\/strong> und der <strong>Rendite<\/strong><\/li>\n<li><strong>Gro\u00dfspeicher<\/strong>: Baut man sie besser an Photovoltaik-Kraftwerke oder Stand-alone?<\/li>\n<\/ul>\n<div><strong>Schwerpunkt \u201eOptimale W\u00e4rmewende\u201c:<\/strong><\/div>\n<ul>\n<li>Diese Entwicklungen heben die <strong>Integration von W\u00e4rmepumpenregelung, Photovoltaikanlage und Energiemanagement<\/strong> auf eine neue Stufe.<\/li>\n<li>Umfrage: <strong>Wie denken Installateure \u00fcber W\u00e4rmepumpen und die Herausforderungen<\/strong>, die noch gel\u00f6st werden m\u00fcssen?<\/li>\n<li>Pragmatische L\u00f6sungen: <strong>Mit Infrarotstrahlern sukzessive auf die W\u00e4rmepumpe vorbereiten<\/strong><\/li>\n<li><strong>PVT-Technologie wird erwachsen<\/strong> \u2013 Wo und wie man sie einsetzt<\/li>\n<li>Warten auf Fernw\u00e4rme oder Wasserstoff \u2013 Ist das sinnvoll?<\/li>\n<\/ul>\n<p><strong>Au\u00dferdem:<\/strong><\/p>\n<ul>\n<li><strong>pv magazine top innovation Preistr\u00e4ger<\/strong> Airteam erschlie\u00dft die Daten aus <strong>Drohnenaufnahmen f\u00fcr die Dachvermessung.<\/strong><\/li>\n<li><strong>Anlagen werden<\/strong> jetzt nicht nur tags\u00fcber mit Infrarot-Drohnenaufnahmen, sondern auch <strong>nachts mit Drohnen-Elektrolumineszenz kontrolliert<\/strong>.<\/li>\n<\/ul>\n<h3>Sie interessieren sich f\u00fcr eine bestimmte Ausgabe?<\/h3>\n<p>Hier k\u00f6nnen Sie bequem vergangene Hefte von <a href=\"https:\/\/shop.pv-magazine.com\/product-category\/pv-magazine-germany\/single-issue-print-digital-germany\/\">pv magazine Deutschland<\/a> nachbestellen. W\u00e4hlen Sie einfach Ihre Wunschausgabe und wir senden Ihnen diese umgehend zu.","protected":false},"excerpt":{"rendered":"<h2>Photovoltaik optimieren<\/h2>\n<p><strong>Bei Planung, Installation und Betrieb<\/strong><\/p>\n<p>Was ist der <strong>beste Reihenabstand <\/strong>bei Gro\u00dfkraftwerken? Soll man vielleicht <strong>besser Tracker verwenden<\/strong>? Wie unterscheiden sich die <strong>Optimierungsstrategien von Energiemanagementsystemen<\/strong> f\u00fcr Einfamilienh\u00e4user und Gewerbe? Wie l\u00e4sst sich das <strong>Energy-Sharing<\/strong>in der Region verbessern? Wie l\u00e4sst sich die <strong>Integration von W\u00e4rmepumpenregelung und Energiemanagement auf eine neue Stufe heben<\/strong>?<\/p>\n<p><a href=\"https:\/\/www.flipsnack.com\/pvmagazinegroup\/pv-magazine_germany_2023-09_preview\/full-view.html\" target=\"_blank\" rel=\"noopener\">VORSCHAU<\/a><\/p>\n","protected":false},"featured_media":10644,"comment_status":"closed","ping_status":"closed","template":"","meta":{"_acf_changed":false},"product_cat":[27],"product_tag":[],"class_list":["post-10642","product","type-product","status-publish","has-post-thumbnail","hentry","product_cat-single-issue-print-digital-germany"],"acf":[],"jetpack_publicize_connections":[],"_links":{"self":[{"href":"https:\/\/shop.pv-magazine.com\/de\/wp-json\/wp\/v2\/product\/10642"}],"collection":[{"href":"https:\/\/shop.pv-magazine.com\/de\/wp-json\/wp\/v2\/product"}],"about":[{"href":"https:\/\/shop.pv-magazine.com\/de\/wp-json\/wp\/v2\/types\/product"}],"replies":[{"embeddable":true,"href":"https:\/\/shop.pv-magazine.com\/de\/wp-json\/wp\/v2\/comments?post=10642"}],"wp:featuredmedia":[{"embeddable":true,"href":"https:\/\/shop.pv-magazine.com\/de\/wp-json\/wp\/v2\/media\/10644"}],"wp:attachment":[{"href":"https:\/\/shop.pv-magazine.com\/de\/wp-json\/wp\/v2\/media?parent=10642"}],"wp:term":[{"taxonomy":"product_cat","embeddable":true,"href":"https:\/\/shop.pv-magazine.com\/de\/wp-json\/wp\/v2\/product_cat?post=10642"},{"taxonomy":"product_tag","embeddable":true,"href":"https:\/\/shop.pv-magazine.com\/de\/wp-json\/wp\/v2\/product_tag?post=10642"}],"curies":[{"name":"wp","href":"https:\/\/api.w.org\/{rel}","templated":true}]}}

Die <strong>aktuelle pv magazine Ausgabe</strong> beleuchtet <strong>Optimierungsaufgaben</strong>, <strong>die in der Anwendung von Photovoltaik allgegenwärtig sind, </strong>und diskutiert Lösungen dafür. Außerdem berichten wir über ein Projekt, in dem <strong>Infrarotheizungen und Wärmepumpen </strong>kombiniert werden, über <strong>neue spannende Entwicklungen bei Photovoltaik-Thermie-Modulen</strong>, die besser unter dem Kürzel PVT-Module bekannt sind, und über die Hintergründe der derzeitigen Diskussion über <strong>Degradation bei n-Typ-Topcon-Modulen</strong>, die gerade die Perc-Module als Standard ablösen.</p>
<h3>Weitere Themen in dieser Ausgabe:</h3>
<p><strong>Schwerpunkt „Optimieren in der Photovoltaik“:</strong></p>
<ul>
<li>Optimieren oder Verbessern – was ist der Unterschied und was ist zu beachten?</li>
<li><strong>Energiegemeinschaften und Energy-Sharing</strong>: Lässt sich so der Photovoltaikausbau beschleunigen?</li>
<li><strong>Energiemanagementsysteme</strong> sind klassische Optimierer. <strong>Wie unterscheiden sie sich?</strong></li>
<li><strong>Großanlagenplanung</strong>: <strong>Optimierung</strong> verschiedener Photovoltaik-Konzepte unter Nutzung des <strong>Nettobarwerts</strong> und der <strong>Rendite</strong></li>
<li><strong>Großspeicher</strong>: Baut man sie besser an Photovoltaik-Kraftwerke oder Stand-alone?</li>
</ul>
<div><strong>Schwerpunkt „Optimale Wärmewende“:</strong></div>
<ul>
<li>Diese Entwicklungen heben die <strong>Integration von Wärmepumpenregelung, Photovoltaikanlage und Energiemanagement</strong> auf eine neue Stufe.</li>
<li>Umfrage: <strong>Wie denken Installateure über Wärmepumpen und die Herausforderungen</strong>, die noch gelöst werden müssen?</li>
<li>Pragmatische Lösungen: <strong>Mit Infrarotstrahlern sukzessive auf die Wärmepumpe vorbereiten</strong></li>
<li><strong>PVT-Technologie wird erwachsen</strong> – Wo und wie man sie einsetzt</li>
<li>Warten auf Fernwärme oder Wasserstoff – Ist das sinnvoll?</li>
</ul>
<p><strong>Außerdem:</strong></p>
<ul>
<li><strong>pv magazine top innovation Preisträger</strong> Airteam erschließt die Daten aus <strong>Drohnenaufnahmen für die Dachvermessung.</strong></li>
<li><strong>Anlagen werden</strong> jetzt nicht nur tagsüber mit Infrarot-Drohnenaufnahmen, sondern auch <strong>nachts mit Drohnen-Elektrolumineszenz kontrolliert</strong>.</li>
</ul>
<h3>Sie interessieren sich für eine bestimmte Ausgabe?</h3>
<p>Hier können Sie bequem vergangene Hefte von <a href="https://shop.pv-magazine.com/product-category/pv-magazine-germany/single-issue-print-digital-germany/">pv magazine Deutschland</a> nachbestellen. Wählen Sie einfach Ihre Wunschausgabe und wir senden Ihnen diese umgehend zu.

<h2>Photovoltaik optimieren</h2>
<p><strong>Bei Planung, Installation und Betrieb</strong></p>
<p>Was ist der <strong>beste Reihenabstand </strong>bei Großkraftwerken? Soll man vielleicht <strong>besser Tracker verwenden</strong>? Wie unterscheiden sich die <strong>Optimierungsstrategien von Energiemanagementsystemen</strong> für Einfamilienhäuser und Gewerbe? Wie lässt sich das <strong>Energy-Sharing</strong>in der Region verbessern? Wie lässt sich die <strong>Integration von Wärmepumpenregelung und Energiemanagement auf eine neue Stufe heben</strong>?</p>
<p><a href="https://www.flipsnack.com/pvmagazinegroup/pv-magazine_germany_2023-09_preview/full-view.html" target="_blank" rel="noopener">VORSCHAU</a></p>
